{"id":14,"date":"2024-05-21T23:16:18","date_gmt":"2024-05-21T21:16:18","guid":{"rendered":"http:\/\/leaeller.de\/?page_id=14"},"modified":"2025-03-23T18:55:10","modified_gmt":"2025-03-23T17:55:10","slug":"lebenslauf","status":"publish","type":"page","link":"http:\/\/leaeller.de\/?page_id=14","title":{"rendered":"Lebenslauf"},"content":{"rendered":"\n<h5 class=\"wp-block-heading\">Jobs<\/h5>\n\n\n\n<figure class=\"wp-block-table\"><table class=\"has-border-color has-background-border-color\"><tbody><tr><td>seit Oktober 2024 <\/td><td><a href=\"https:\/\/hessen.vcp.de\/kontakt\/landesbuero\" data-type=\"link\" data-id=\"https:\/\/hessen.vcp.de\/kontakt\/landesbuero\">Verband Christlicher Pfadfinder*innen Hessen<\/a><br>Projektleitung Stammesunterst\u00fctzung<\/td><\/tr><tr><td>seit Juli 2024<\/td><td>freiberufliche Medienp\u00e4dagogin<\/td><\/tr><tr><td>M\u00e4rz 2024 &#8211; August 2024<\/td><td>ZuBaKa gGmbH, Gie\u00dfen<br>Projektleitung<\/td><\/tr><tr><td>Februar 2023 &#8211; Februar 2024<\/td><td>ZuBaKa gGmbH, Gie\u00dfen<br>Trainee<\/td><\/tr><tr><td>November 2021 &#8211; Juli 2022<\/td><td>Verband Christlicher Pfadfinder*innen Hessen Landesb\u00fcro, Bad Nauheim<br>Werkstudentin<\/td><\/tr><tr><td>September 2020 &#8211; November 2021<\/td><td>Media Workshop GmbH, Hamburg<br>Praxissemester anschlie\u00dfend Werkstudentin<\/td><\/tr><\/tbody><\/table><\/figure>\n\n\n\n<div class=\"wp-block-columns is-layout-flex wp-container-core-columns-is-layout-28f84493 wp-block-columns-is-layout-flex\">\n<div class=\"wp-block-column is-layout-flow wp-block-column-is-layout-flow\"><\/div>\n\n\n\n<div class=\"wp-block-column is-layout-flow wp-block-column-is-layout-flow\"><\/div>\n<\/div>\n\n\n\n<h5 class=\"wp-block-heading\">Bildung<\/h5>\n\n\n\n<figure class=\"wp-block-table\"><table style=\"border-style:none;border-width:0px\"><tbody><tr><td>M\u00e4rz 2023 &#8211; M\u00e4rz 2025<\/td><td>Studium M.A. Medienp\u00e4dagogik<br>berufsbegleitendes Verbundsstudium<br>Fachhochschule S\u00fcdwestfalen, Soest<\/td><\/tr><tr><td>Dezember 2022 &#8211; Januar 2023<\/td><td><a href=\"http:\/\/leaeller.de\/wp-content\/uploads\/2025\/03\/Eller_Abschlusszertifikat_DLD_Themen.pdf\" data-type=\"link\" data-id=\"http:\/\/leaeller.de\/wp-content\/uploads\/2025\/03\/Eller_Abschlusszertifikat_DLD_Themen.pdf\">Digital Learning Developerin, E-Learning,<\/a> <br>WBS Training<\/td><\/tr><tr><td>Oktober 2018 &#8211; Oktober 2022<\/td><td>Studium B.A. Medienmanagement <sup data-fn=\"e1f7d25f-2f74-4a22-b042-929120adc622\" class=\"fn\"><a href=\"#e1f7d25f-2f74-4a22-b042-929120adc622\" id=\"e1f7d25f-2f74-4a22-b042-929120adc622-link\">1<\/a><\/sup><br>Schwerpunkt Produkt- und Projektmanagement<br>Hochschule f\u00fcr angewandte Wissenschaften,<br>W\u00fcrzburg<br><em>Abschlussnote 1,9<\/em><\/td><\/tr><tr><td>August 2017 &#8211; Mai 2018<\/td><td>Bundesfreiwilligendienst<br>Frauenberg gGmbH, Fulda<\/td><\/tr><tr><td>Sommer 2015 &#8211; Sommer 2017<\/td><td>Allgemeine Fachhochschulreife<br>Schwerpunkt Sozialwesen<br>Konrad-Zuse-Schule, H\u00fcnfeld<br><em>Abschlussnote 1,3<\/em><\/td><\/tr><tr><td>Sommer 2009 &#8211; Sommer 2015<\/td><td>Konrad-Adenauer-Schule, Petersberg<\/td><\/tr><tr><td>Sommer 2005 &#8211; Sommer 2009<\/td><td>Wendelinusschule, Steinau<\/td><\/tr><\/tbody><\/table><\/figure>\n\n\n\n<div class=\"wp-block-columns is-layout-flex wp-container-core-columns-is-layout-28f84493 wp-block-columns-is-layout-flex\">\n<div class=\"wp-block-column is-layout-flow wp-block-column-is-layout-flow\" style=\"flex-basis:33%\"><\/div>\n\n\n\n<div class=\"wp-block-column is-layout-flow wp-block-column-is-layout-flow\"><\/div>\n<\/div>\n\n\n\n<h5 class=\"wp-block-heading\">Ehrenamt<\/h5>\n\n\n\n<figure class=\"wp-block-table is-style-regular\"><table style=\"border-style:none;border-width:0px\"><tbody><tr><td>seit 2024<\/td><td>Freundes- und F\u00f6rderkreis des Stammes Graf Folke Bernadotte Fulda<br>2. Vorsitzende<\/td><\/tr><tr><td>2021, 2022, 2024 &amp;  2025<\/td><td>Teamerin f\u00fcr Stammesleitungsschulungen<\/td><\/tr><tr><td>2023-2024<\/td><td><a href=\"https:\/\/hessen.vcp.de\/lala-2024\" data-type=\"link\" data-id=\"https:\/\/hessen.vcp.de\/lala-2024\">Landeslager &#8218;Land unter?!&#8216; <\/a><br>Pfadfinder*innenlager f\u00fcr den VCP Hessen mit rund 500 Teilnehmenden zum Thema Klimawandel<br>Veranstaltungsleitung<\/td><\/tr><tr><td>2023<\/td><td>Jubil\u00e4um des VCP Hessen<br>Teil des Planungsteams<\/td><\/tr><tr><td>2022-2023<\/td><td>VCP Podcast Pfadfinden<br>Redaktionsmitglied<\/td><\/tr><tr><td>2019 &#8211; 2023<\/td><td><a href=\"https:\/\/hessen.vcp.de\/service\/hesseblaettche\" data-type=\"link\" data-id=\"https:\/\/hessen.vcp.de\/service\/hesseblaettche\">hessebl\u00e4ttche<\/a>, Mitgliedermagazin VCP Hessen<br>Redaktionsleitung<\/td><\/tr><tr><td>2021-2022<\/td><td>Bundeslager-Teillager Hessen<br>Teillagerleitung<\/td><\/tr><tr><td>2019-2022<\/td><td>Versammlungsvorstand<br>VCP Kurhessen<\/td><\/tr><tr><td>2016-2018<\/td><td>Stammesleitung<br>VCP Fulda<\/td><\/tr><tr><td>2015-2017<\/td><td>Sippenleitung<br>VCP Fulda<\/td><\/tr><\/tbody><\/table><\/figure>\n\n\n\n<h5 class=\"wp-block-heading\">Praktika<\/h5>\n\n\n\n<figure class=\"wp-block-table\"><table style=\"border-style:none;border-width:0px\"><tbody><tr><td>September 2024 &#8211; Oktober 2024<\/td><td><a href=\"https:\/\/www.linkedin.com\/posts\/lea-eller-761978195_efterskole-pfadfinden-lernendurcherleben-activity-7250025098584240129-hIVr?utm_source=share&amp;utm_medium=member_desktop&amp;rcm=ACoAAC3iLTkBTukgUhy77cu0_TPl257K7evHico\" data-type=\"link\" data-id=\"https:\/\/www.linkedin.com\/posts\/lea-eller-761978195_efterskole-pfadfinden-lernendurcherleben-activity-7250025098584240129-hIVr?utm_source=share&amp;utm_medium=member_desktop&amp;rcm=ACoAAC3iLTkBTukgUhy77cu0_TPl257K7evHico\">\u00c6R\u00d8 Efterskole<\/a>, D\u00e4nemark<\/td><\/tr><tr><td>September 2022 &#8211; November 2022<\/td><td>Hessicher Rundfunk, Bildungsredaktion<br>Frankfurt<\/td><\/tr><tr><td>August 2019 &#8211; September 2019<\/td><td>WDR Organisation Maus T\u00fcr\u00f6ffner Tag, K\u00f6ln<\/td><\/tr><tr><td>Februar 2019 &#8211; M\u00e4rz 2019<\/td><td>HOTREGA Bereich Marketing, Bad Salzschlirf<\/td><\/tr><tr><td>Februar 2016 &#8211; Juni 2016<\/td><td>Gemeinschaftsunterkunft f\u00fcr Gefl\u00fcchtete<br>Perspektiva, Fulda<\/td><\/tr><tr><td>August 2015 &#8211; Januar 2016<\/td><td>Kinderakademie, Fulda<\/td><\/tr><\/tbody><\/table><\/figure>\n\n\n\n<p><\/p>\n\n\n<ol class=\"wp-block-footnotes\"><li id=\"e1f7d25f-2f74-4a22-b042-929120adc622\"><em><a href=\"http:\/\/leaeller.de\/wp-content\/uploads\/2025\/03\/Bachelorarbeit_5718008-Eller-Lea.pdf\" data-type=\"link\" data-id=\"http:\/\/leaeller.de\/wp-content\/uploads\/2025\/03\/Bachelorarbeit_5718008-Eller-Lea.pdf\">Thesis: Welche Faktoren sind f\u00fcr ein erfolgreiches Podcast-Konzept in der internen Mitgliederkommunikation eines Vereins relevant?<\/a><\/em> <a href=\"#e1f7d25f-2f74-4a22-b042-929120adc622-link\" aria-label=\"Zur Fu\u00dfnotenreferenz 1 navigieren\">\u21a9\ufe0e<\/a><\/li><\/ol>\n\n\n<p><\/p>\n","protected":false},"excerpt":{"rendered":"<p>Jobs seit Oktober 2024 Verband Christlicher Pfadfinder*innen HessenProjektleitung Stammesunterst\u00fctzung seit Juli 2024 freiberufliche Medienp\u00e4dagogin M\u00e4rz 2024 &#8211; August 2024 ZuBaKa gGmbH, Gie\u00dfenProjektleitung Februar 2023 &#8211; Februar 2024 ZuBaKa gGmbH, Gie\u00dfenTrainee November 2021 &#8211; Juli 2022 Verband Christlicher Pfadfinder*innen Hessen Landesb\u00fcro, Bad NauheimWerkstudentin September 2020 &#8211; November 2021 Media Workshop GmbH, HamburgPraxissemester anschlie\u00dfend Werkstudentin Bildung M\u00e4rz [&hellip;]<\/p>\n","protected":false},"author":1,"featured_media":0,"parent":0,"menu_order":0,"comment_status":"closed","ping_status":"closed","template":"","meta":{"footnotes":"[{\"content\":\"<em><a href=\\\"http:\/\/leaeller.de\/wp-content\/uploads\/2025\/03\/Bachelorarbeit_5718008-Eller-Lea.pdf\\\" data-type=\\\"link\\\" data-id=\\\"http:\/\/leaeller.de\/wp-content\/uploads\/2025\/03\/Bachelorarbeit_5718008-Eller-Lea.pdf\\\">Thesis: Welche Faktoren sind f\u00fcr ein erfolgreiches Podcast-Konzept in der internen Mitgliederkommunikation eines Vereins relevant?<\/a><\/em>\",\"id\":\"e1f7d25f-2f74-4a22-b042-929120adc622\"}]"},"class_list":["post-14","page","type-page","status-publish","hentry"],"_links":{"self":[{"href":"http:\/\/leaeller.de\/index.php?rest_route=\/wp\/v2\/pages\/14","targetHints":{"allow":["GET"]}}],"collection":[{"href":"http:\/\/leaeller.de\/index.php?rest_route=\/wp\/v2\/pages"}],"about":[{"href":"http:\/\/leaeller.de\/index.php?rest_route=\/wp\/v2\/types\/page"}],"author":[{"embeddable":true,"href":"http:\/\/leaeller.de\/index.php?rest_route=\/wp\/v2\/users\/1"}],"replies":[{"embeddable":true,"href":"http:\/\/leaeller.de\/index.php?rest_route=%2Fwp%2Fv2%2Fcomments&post=14"}],"version-history":[{"count":15,"href":"http:\/\/leaeller.de\/index.php?rest_route=\/wp\/v2\/pages\/14\/revisions"}],"predecessor-version":[{"id":82,"href":"http:\/\/leaeller.de\/index.php?rest_route=\/wp\/v2\/pages\/14\/revisions\/82"}],"wp:attachment":[{"href":"http:\/\/leaeller.de\/index.php?rest_route=%2Fwp%2Fv2%2Fmedia&parent=14"}],"curies":[{"name":"wp","href":"https:\/\/api.w.org\/{rel}","templated":true}]}}